{"id":678,"date":"2024-04-14T20:35:36","date_gmt":"2024-04-14T18:35:36","guid":{"rendered":"https:\/\/hofheim-ried.de\/bgh\/?page_id=678"},"modified":"2026-03-16T18:00:13","modified_gmt":"2026-03-16T17:00:13","slug":"startseite-2","status":"publish","type":"page","link":"https:\/\/hofheim-ried.de\/bgh\/","title":{"rendered":"Startseite"},"content":{"rendered":"<h1>B\u00fcrgergemeinschaft Hofheim e.V<\/h1>\n<p><strong>Willkommen auf unserer Homepage.<\/strong><\/p>\n<h4>Wer sind wir?<\/h4>\n<p>Die BGH sind Hofheimer B\u00fcrgerinnen und B\u00fcrger unterschiedlicher Altersgruppen, denen das \u201eMiteinander\u201c in Hofheim sehr wichtig ist. Zum einen bestehen unsere Mitglieder aus geb\u00fcrtigen\u00a0 Hofheimerinnen und Hofheimern und zum anderen aus Menschen, f\u00fcr die Hofheim Heimat geworden ist. Alle haben es sich zur Aufgabe gemacht, sich in ihrer<br \/>Freizeit f\u00fcr Hofheim und das soziale Leben im Ort zu engagieren.<\/p>\n<h4>Kompetenz &#8211; aufgeteilt<\/h4>\n<h2>Wir haben unsere Themengebiete in Teams aufgeteilt<\/h2>\n<p>\t\t\t\t\t\t\t<a href=\"#\"><\/p>\n<h3>\n\t\t\t\t\t\tTeam Politik&#8230;\t\t\t\t\t<\/h3>\n<p>\t\t\t\t\t\tist verantwortlich f\u00fcr Themen, die das Ortsgeschehen<br \/>\nbetreffen.<br \/>\nDes Weiteren werden Ortsbeiratssitzungen vorbereitet mit Ausarbeitung<br \/>\nvon Anfragen und Antr\u00e4gen.<br \/>\n\t\t\t\t\t\t<\/a><\/p>\n<h3>\n\t\t\t\t\t\tTeam Chronik&#8230;\t\t\t\t\t<\/h3>\n<p>\t\t\t\t\t\tbewahrt die historische Geschichte Hofheims.<br \/>\nHierzu erstellt dieses Team im Arbeitskreis Brosch\u00fcren und sorgt f\u00fcr die<br \/>\nAufbereitung der Hofheimer Chronik.<br \/>\n\t\t\t\t\t\t\t<a href=\"#\"><\/p>\n<h3>\n\t\t\t\t\t\tTeam Event&#8230;\t\t\t\t\t<\/h3>\n<p>\t\t\t\t\t\tplant alle Veranstaltungen und deren Durchf\u00fchrung.<br \/>\n\t\t\t\t\t\t<\/a><br \/>\n\t\t\t\t\t\t\t<a href=\"#\"><\/p>\n<h3>\n\t\t\t\t\t\tTeam ASV&#8230;\t\t\t\t\t<\/h3>\n<p>\t\t\t\t\t\that es sich zur Aufgabe gemacht, das Gel\u00e4nde und die<br \/>\nGeb\u00e4ude des ASV Rotfeder 1964 in der Backhausstr. 42 zu pflegen und zu<br \/>\nerhalten. Umbauten werden geplant und der Bedarf an Reparaturen erkannt.<br \/>\n\t\t\t\t\t\t<\/a><br \/>\n\t\t\t\t\t\t\t<a href=\"#\"><\/p>\n<h3>\n\t\t\t\t\t\tTeam Digital&#8230;<br \/>\t\t\t\t\t<\/h3>\n<p>\t\t\t\t\t\tbetreut die Homepage, bearbeitet Emails und ist f\u00fcr<br \/>\nSocial Media (Facebook, Instagram&#8230;) und die Pressearbeit verantwortlich.<br \/>\n\t\t\t\t\t\t<\/a><br \/>\n\t\t\t\t\t\t\t<a href=\"#\"><\/p>\n<h3>\n\t\t\t\t\t\tTeam Zukunft&#8230;\t\t\t\t\t<\/h3>\n<p>\t\t\t\t\t\tbesch\u00e4ftigt sich mit der Einbindung von Kindern und<br \/>\nJugendlichen in Hofheim und deren M\u00f6glichkeit sich zu entfalten.<br \/>\n\t\t\t\t\t\t<\/a><\/p>\n<h2>Warum gibt es uns ?<\/h2>\n<p style=\"text-align: left;\">Entstanden ist die BGH w\u00e4hrend der Coronazeit, als das soziale Leben praktisch nicht existierte. Begonnen hat alles mit der Idee, sich zusammenzutun, um das gemeinsame Miteinander wieder stattfinden zu lassen. Jeder der acht Gr\u00fcndungsmitglieder hatte andere Beweggr\u00fcnde.<br \/>Es gab die, die politisch etwas bewirken wollten, und die, denen \u00e4ltere Menschen und Kinder wichtig waren. Vereine sollten am Leben gehalten werden, B\u00fcrgern sollte die M\u00f6glichkeit gegeben werden, sich einzubringen. Es war einfach f\u00fcr manche zu diesem Zeitpunkt wichtig und\u00a0 richtig, etwas zu tun, um die schlimme Zeit hinter sich zu lassen und nach vorne schauen zu k\u00f6nnen.<\/p>\n<h2>Wie werde ich Mitglied?<\/h2>\n<p style=\"text-align: left;\">Jeder kann Mitglied der BGH werden, denn nur gemeinsam sind wir stark und mit der BGH wachsen auch die Anforderungen an uns selbst. Daher ist jeder Einzelne f\u00fcr uns wichtig.&nbsp;<\/p>\n<p style=\"text-align: left;\">Egal ob AKTIV oder PASSIV.<\/p>\n<p style=\"text-align: left;\">Als aktives Mitglied kann man sich in ein oder auch verschiedene Teams einbringen und wird zu den&nbsp; entsprechenden Sitzungen eingeladen. Passive Mitglieder werden zur Jahreshauptversammlung eingeladen<br \/>und haben hier die M\u00f6glichkeit sich zu informieren und mitzubestimmen. Der Jahresbeitrag bel\u00e4uft sich auf 36 Euro. Kinder\/Jugendliche bis 18 Jahre sind beitragsfrei.<br \/>Mitgliedsantr\u00e4ge gibt es in unserer Brosch\u00fcre, aber auch unsere Homepage ist ein Weg, sich f\u00fcr eine Mitgliedschaft zu entscheiden.<\/p>\n<p style=\"text-align: center;\">Hier kannst Du deinen Mitgliedsantrag herunterladen:<\/p>\n<p style=\"text-align: center;\">\n<p>\t\t\t\t\t<a href=\"https:\/\/hofheim-ried.de\/wp-content\/uploads\/2024\/08\/Eintrittserklaerung-und-SEPA.pdf\"><br \/>\n\t\t\t\t\t\t\t\t\tDownload<br \/>\n\t\t\t\t\t<\/a><\/p>\n<h2>bleibe informiert!<\/h2>\n<p>um keine Neuerungen zu verpassen, trage Dich bei unserem Newsletter ein.<\/p>\n<p>\t\t\t\t\t<a href=\"https:\/\/www.facebook.com\/profile.php?id=61558804953354\" target=\"_blank\"><br \/>\n\t\t\t\t\t\tFacebook-f<br \/>\n\t\t\t\t\t\t\t\t\t\t\t<\/a><br \/>\n\t\t\t\t\t<a target=\"_blank\"><br \/>\n\t\t\t\t\t\tTwitter<br \/>\n\t\t\t\t\t\t\t\t\t\t\t<\/a><br \/>\n\t\t\t\t\t<a target=\"_blank\"><br \/>\n\t\t\t\t\t\tGoogle-plus-g<br \/>\n\t\t\t\t\t\t\t\t\t\t\t<\/a><br \/>\n\t\t\t\t\t<a target=\"_blank\"><br \/>\n\t\t\t\t\t\tPinterest<br \/>\n\t\t\t\t\t\t\t\t\t\t\t<\/a><\/p>\n<h2>B\u00fcrgergemeinschaft Hofheim e.V.<\/p>\n<p>1. Vorsitzender Lothar Bauer<\/p>\n<p>bgh@hofheim-ried.de<\/p>\n<\/h2>\n","protected":false},"excerpt":{"rendered":"<p>B\u00fcrgergemeinschaft Hofheim e.V Willkommen auf unserer Homepage. Wer sind wir? Die BGH sind Hofheimer B\u00fcrgerinnen und B\u00fcrger unterschiedlicher Altersgruppen, denen das \u201eMiteinander\u201c in Hofheim sehr wichtig ist. Zum einen bestehen [&hellip;]<\/p>\n","protected":false},"author":1,"featured_media":0,"parent":0,"menu_order":0,"comment_status":"closed","ping_status":"closed","template":"","meta":{"ocean_post_layout":"full-screen","ocean_both_sidebars_style":"","ocean_both_sidebars_content_width":0,"ocean_both_sidebars_sidebars_width":0,"ocean_sidebar":"","ocean_second_sidebar":"","ocean_disable_margins":"enable","ocean_add_body_class":"","ocean_shortcode_before_top_bar":"","ocean_shortcode_after_top_bar":"","ocean_shortcode_before_header":"","ocean_shortcode_after_header":"","ocean_has_shortcode":"","ocean_shortcode_after_title":"","ocean_shortcode_before_footer_widgets":"","ocean_shortcode_after_footer_widgets":"","ocean_shortcode_before_footer_bottom":"","ocean_shortcode_after_footer_bottom":"","ocean_display_top_bar":"off","ocean_display_header":"default","ocean_header_style":"top","ocean_center_header_left_menu":"","ocean_custom_header_template":"","ocean_custom_logo":0,"ocean_custom_retina_logo":0,"ocean_custom_logo_max_width":0,"ocean_custom_logo_tablet_max_width":0,"ocean_custom_logo_mobile_max_width":0,"ocean_custom_logo_max_height":0,"ocean_custom_logo_tablet_max_height":0,"ocean_custom_logo_mobile_max_height":0,"ocean_header_custom_menu":"68","ocean_menu_typo_font_family":"","ocean_menu_typo_font_subset":"","ocean_menu_typo_font_size":0,"ocean_menu_typo_font_size_tablet":0,"ocean_menu_typo_font_size_mobile":0,"ocean_menu_typo_font_size_unit":"px","ocean_menu_typo_font_weight":"","ocean_menu_typo_font_weight_tablet":"","ocean_menu_typo_font_weight_mobile":"","ocean_menu_typo_transform":"","ocean_menu_typo_transform_tablet":"","ocean_menu_typo_transform_mobile":"","ocean_menu_typo_line_height":0,"ocean_menu_typo_line_height_tablet":0,"ocean_menu_typo_line_height_mobile":0,"ocean_menu_typo_line_height_unit":"","ocean_menu_typo_spacing":0,"ocean_menu_typo_spacing_tablet":0,"ocean_menu_typo_spacing_mobile":0,"ocean_menu_typo_spacing_unit":"","ocean_menu_link_color":"","ocean_menu_link_color_hover":"","ocean_menu_link_color_active":"","ocean_menu_link_background":"","ocean_menu_link_hover_background":"","ocean_menu_link_active_background":"","ocean_menu_social_links_bg":"","ocean_menu_social_hover_links_bg":"","ocean_menu_social_links_color":"","ocean_menu_social_hover_links_color":"","ocean_disable_title":"on","ocean_disable_heading":"default","ocean_post_title":"","ocean_post_subheading":"","ocean_post_title_style":"","ocean_post_title_background_color":"","ocean_post_title_background":0,"ocean_post_title_bg_image_position":"","ocean_post_title_bg_image_attachment":"","ocean_post_title_bg_image_repeat":"","ocean_post_title_bg_image_size":"","ocean_post_title_height":0,"ocean_post_title_bg_overlay":0.5,"ocean_post_title_bg_overlay_color":"","ocean_disable_breadcrumbs":"default","ocean_breadcrumbs_color":"","ocean_breadcrumbs_separator_color":"","ocean_breadcrumbs_links_color":"","ocean_breadcrumbs_links_hover_color":"","ocean_display_footer_widgets":"off","ocean_display_footer_bottom":"off","ocean_custom_footer_template":"","footnotes":""},"class_list":["post-678","page","type-page","status-publish","hentry","entry"],"_links":{"self":[{"href":"https:\/\/hofheim-ried.de\/bgh\/wp-json\/wp\/v2\/pages\/678","targetHints":{"allow":["GET"]}}],"collection":[{"href":"https:\/\/hofheim-ried.de\/bgh\/wp-json\/wp\/v2\/pages"}],"about":[{"href":"https:\/\/hofheim-ried.de\/bgh\/wp-json\/wp\/v2\/types\/page"}],"author":[{"embeddable":true,"href":"https:\/\/hofheim-ried.de\/bgh\/wp-json\/wp\/v2\/users\/1"}],"replies":[{"embeddable":true,"href":"https:\/\/hofheim-ried.de\/bgh\/wp-json\/wp\/v2\/comments?post=678"}],"version-history":[{"count":313,"href":"https:\/\/hofheim-ried.de\/bgh\/wp-json\/wp\/v2\/pages\/678\/revisions"}],"predecessor-version":[{"id":1346,"href":"https:\/\/hofheim-ried.de\/bgh\/wp-json\/wp\/v2\/pages\/678\/revisions\/1346"}],"wp:attachment":[{"href":"https:\/\/hofheim-ried.de\/bgh\/wp-json\/wp\/v2\/media?parent=678"}],"curies":[{"name":"wp","href":"https:\/\/api.w.org\/{rel}","templated":true}]}}

<h1>Bürgergemeinschaft Hofheim e.V</h1>
<p><strong>Willkommen auf unserer Homepage.</strong></p>
<h4>Wer sind wir?</h4>
<p>Die BGH sind Hofheimer Bürgerinnen und Bürger unterschiedlicher Altersgruppen, denen das „Miteinander“ in Hofheim sehr wichtig ist. Zum einen bestehen unsere Mitglieder aus gebürtigen  Hofheimerinnen und Hofheimern und zum anderen aus Menschen, für die Hofheim Heimat geworden ist. Alle haben es sich zur Aufgabe gemacht, sich in ihrer<br />Freizeit für Hofheim und das soziale Leben im Ort zu engagieren.</p>
<h4>Kompetenz &#8211; aufgeteilt</h4>
<h2>Wir haben unsere Themengebiete in Teams aufgeteilt</h2>
<p>							<a href="#"></p>
<h3>
						Team Politik&#8230;					</h3>
<p>						ist verantwortlich für Themen, die das Ortsgeschehen<br />
betreffen.<br />
Des Weiteren werden Ortsbeiratssitzungen vorbereitet mit Ausarbeitung<br />
von Anfragen und Anträgen.<br />
						</a></p>
<h3>
						Team Chronik&#8230;					</h3>
<p>						bewahrt die historische Geschichte Hofheims.<br />
Hierzu erstellt dieses Team im Arbeitskreis Broschüren und sorgt für die<br />
Aufbereitung der Hofheimer Chronik.<br />
							<a href="#"></p>
<h3>
						Team Event&#8230;					</h3>
<p>						plant alle Veranstaltungen und deren Durchführung.<br />
						</a><br />
							<a href="#"></p>
<h3>
						Team ASV&#8230;					</h3>
<p>						hat es sich zur Aufgabe gemacht, das Gelände und die<br />
Gebäude des ASV Rotfeder 1964 in der Backhausstr. 42 zu pflegen und zu<br />
erhalten. Umbauten werden geplant und der Bedarf an Reparaturen erkannt.<br />
						</a><br />
							<a href="#"></p>
<h3>
						Team Digital&#8230;<br />					</h3>
<p>						betreut die Homepage, bearbeitet Emails und ist für<br />
Social Media (Facebook, Instagram&#8230;) und die Pressearbeit verantwortlich.<br />
						</a><br />
							<a href="#"></p>
<h3>
						Team Zukunft&#8230;					</h3>
<p>						beschäftigt sich mit der Einbindung von Kindern und<br />
Jugendlichen in Hofheim und deren Möglichkeit sich zu entfalten.<br />
						</a></p>
<h2>Warum gibt es uns ?</h2>
<p style="text-align: left;">Entstanden ist die BGH während der Coronazeit, als das soziale Leben praktisch nicht existierte. Begonnen hat alles mit der Idee, sich zusammenzutun, um das gemeinsame Miteinander wieder stattfinden zu lassen. Jeder der acht Gründungsmitglieder hatte andere Beweggründe.<br />Es gab die, die politisch etwas bewirken wollten, und die, denen ältere Menschen und Kinder wichtig waren. Vereine sollten am Leben gehalten werden, Bürgern sollte die Möglichkeit gegeben werden, sich einzubringen. Es war einfach für manche zu diesem Zeitpunkt wichtig und  richtig, etwas zu tun, um die schlimme Zeit hinter sich zu lassen und nach vorne schauen zu können.</p>
<h2>Wie werde ich Mitglied?</h2>
<p style="text-align: left;">Jeder kann Mitglied der BGH werden, denn nur gemeinsam sind wir stark und mit der BGH wachsen auch die Anforderungen an uns selbst. Daher ist jeder Einzelne für uns wichtig.&nbsp;</p>
<p style="text-align: left;">Egal ob AKTIV oder PASSIV.</p>
<p style="text-align: left;">Als aktives Mitglied kann man sich in ein oder auch verschiedene Teams einbringen und wird zu den&nbsp; entsprechenden Sitzungen eingeladen. Passive Mitglieder werden zur Jahreshauptversammlung eingeladen<br />und haben hier die Möglichkeit sich zu informieren und mitzubestimmen. Der Jahresbeitrag beläuft sich auf 36 Euro. Kinder/Jugendliche bis 18 Jahre sind beitragsfrei.<br />Mitgliedsanträge gibt es in unserer Broschüre, aber auch unsere Homepage ist ein Weg, sich für eine Mitgliedschaft zu entscheiden.</p>
<p style="text-align: center;">Hier kannst Du deinen Mitgliedsantrag herunterladen:</p>
<p style="text-align: center;">
<p>					<a href="https://hofheim-ried.de/wp-content/uploads/2024/08/Eintrittserklaerung-und-SEPA.pdf"><br />
									Download<br />
					</a></p>
<h2>bleibe informiert!</h2>
<p>um keine Neuerungen zu verpassen, trage Dich bei unserem Newsletter ein.</p>
<p>					<a href="https://www.facebook.com/profile.php?id=61558804953354" target="_blank"><br />
						Facebook-f<br />
											</a><br />
					<a target="_blank"><br />
						Twitter<br />
											</a><br />
					<a target="_blank"><br />
						Google-plus-g<br />
											</a><br />
					<a target="_blank"><br />
						Pinterest<br />
											</a></p>
<h2>Bürgergemeinschaft Hofheim e.V.</p>
<p>1. Vorsitzender Lothar Bauer</p>
<p>bgh@hofheim-ried.de</p>
</h2>

<p>Bürgergemeinschaft Hofheim e.V Willkommen auf unserer Homepage. Wer sind wir? Die BGH sind Hofheimer Bürgerinnen und Bürger unterschiedlicher Altersgruppen, denen das „Miteinander“ in Hofheim sehr wichtig ist. Zum einen bestehen [&hellip;]</p>
